 and 33913.
3083
What is the highest common divisor of 121058784 and 477?
477
Calculate the highest common divisor of 506850 and 46800.
150
What is the greatest common divisor of 11754 and 16182?
18
What is the greatest common divisor of 2702 and 2129176?
2702
Calculate the greatest common factor of 2740 and 247970.
1370
What is the highest common divisor of 13620043 and 119?
17
What is the greatest common factor of 115 and 13686311?
23
Calculate the greatest common divisor of 81646789 and 147.
49
What is the highest common divisor of 9044 and 5583004?
476
What is the greatest common divisor of 154 and 813827399?
77
Calculate the highest common divisor of 63376 and 12483208.
1864
Calculate the highest common factor of 72922176 and 828.
36
What is the greatest common divisor of 15 and 32089665?
15
Calculate the highest common divisor of 34 and 30331162.
34
What is the highest common divisor of 124885496 and 64?
8
What is the greatest common divisor of 155685868 and 8?
4
What is the highest common divisor of 2571 and 3650452347?
2571
Calculate the greatest common divisor of 296109 and 165924.
99
What is the greatest common factor of 3413032 and 4012?
236
Calculate the greatest common divisor of 86901 and 18849141.
1047
Calculate the highest common factor of 1518 and 447348.
66
Calculate the highest common factor of 1356021 and 1944.
81
Calculate the highest common factor of 271909657 and 14294.
1021
Calculate the highest common divisor of 829114 and 431288.
3718
Calculate the highest common divisor of 19902739 and 1351.
193
Calculate the highest common divisor of 1369040 and 3980.
20
What is the highest common divisor of 2268625711 and 11?
11
What is the highest common divisor of 45107 and 794855?
43
What is the highest common factor of 15290 and 3091?
11
Calculate the greatest common divisor of 1199779334 and 338.
338
What is the greatest common divisor of 2205204 and 501924?
1812
What is the greatest common divisor of 12195 and 1133051?
271
What is the greatest common factor of 54 and 8199378?
18
Calculate the greatest common factor of 2004974962 and 2318.
2318
Calculate the highest common divisor of 3073116 and 2604.
12
Calculate the highest common factor of 8676 and 26116.
4
Calculate the highest common divisor of 54864 and 5350256.
2032
What is the highest common divisor of 2954 and 160786?
2
What is the greatest common factor of 4608 and 84264192?
2304
What is the greatest common factor of 54468 and 1440?
36
Calculate the highest common factor of 370 and 11667560.
10
What is the greatest common divisor of 2676034 and 2774?
146
What is the highest common divisor of 527436 and 228735?
2691
What is the highest common divisor of 240 and 80386760?
40
What is the highest common divisor of 878688772 and 52?
52
What is the highest common factor of 701 and 122095273?
701
What is the greatest common factor of 356437 and 22329?
827
What is the highest common factor of 42051 and 310077?
393
Calculate the highest common divisor of 99148 and 5108.
4
What is the highest common factor of 4657586 and 454?
454
Calculate the greatest common factor of 2725702 and 27132.
266
What is the greatest common factor of 20601 and 1606689?
189
Calculate the highest common factor of 75166 and 1274.
1274
What is the greatest common divisor of 3545968 and 10?
2
What is the highest common factor of 41283 and 49896?
297
What is the greatest common factor of 12265 and 334675?
55
Calculate the highest common divisor of 207 and 849222.
9
Calculate the highest common divisor of 56918952 and 182664.
4248
Calculate the highest common factor of 1056 and 208164.
132
What is the greatest common factor of 35319471 and 33?
33
Calculate the greatest common divisor of 16269 and 20706000.
1479
What is the highest common divisor of 230022417 and 57?
57
Calculate the highest common divisor of 424 and 115541749.
53
What is the highest common divisor of 85512 and 35896?
56
Calculate the highest common divisor of 400 and 472075850.
50
Calculate the highest common factor of 391296 and 256.
128
Calculate the highest common divisor of 26 and 64133563.
13
What is the greatest common divisor of 183 and 1040982?
3
Calculate the highest common divisor of 43228 and 59.
1
What is the greatest common divisor of 51200 and 1700?
100
Calculate the highest common divisor of 119245 and 553.
7
Calculate the highest common factor of 40755 and 508326.
741
Calculate the greatest common divisor of 1644 and 563700.
12
What is the highest common divisor of 61408 and 277856?
608
What is the highest common factor of 23 and 1027549817?
23
What is the greatest common factor of 3 and 226910643?
3
Calculate the highest common divisor of 65367 and 52641.
9
What is the greatest common factor of 1384820 and 76?
4
What is the highest common factor of 212 and 257624?
4
What is the greatest common factor of 33757388 and 1519?
217
Calculate the greatest common factor of 725 and 29948550.
25
Calculate the greatest common divisor of 69485 and 155129.
13
Calculate the highest common factor of 63450 and 15564050.
2350
What is the highest common divisor of 216725652 and 3432?
1716
Calculate the highest common divisor of 2548 and 51844.
52
Calculate the greatest common factor of 260940 and 8820.
60
Calculate the highest common divisor of 2835199 and 231361.
1369
What is the greatest common factor of 36771 and 13039?
17
What is the highest common divisor of 1032 and 31848?
24
What is the greatest common divisor of 289596 and 12048?
12
Calculate the highest common divisor of 532 and 40064.
4
Calculate the greatest common divisor of 10408959 and 192203.
1111
Calculate the greatest common divisor of 124 and 923068.
4
What is the highest common factor of 116023360 and 256?
64
What is the highest common factor of 379660273 and 86992?
5437
What is the highest common factor of 16362 and 209871?
81
What is the highest common factor of 1000 and 2910860?
20
Calculate the greatest common divisor of 2236528 and 10.
2
Calculate the greatest common divisor of 53584 and 11075143.
3349
What is the greatest common divisor of 1871567 and 2573?
83
What is the highest common divisor of 353935 and 9869?
71
What is the highest common factor of 1306 and 158319197?
653
What is the highest common factor of 17964716 and 72828?
476
Calculate the highest common factor of 10856788 and 464.
116
Calculate the greatest common divisor of 43148 and 34974.
134
What is the highest common factor of 124958 and 135129?
1453
Calculate the highest common factor of 2877 and 9710697.
411
Calculate the highest common divisor of 23345 and 347028094.
4669
Calculate the greatest common factor of 283822 and 1809066.
266
What is the highest common factor of 5291608 and 1568?
392
What is the greatest common factor of 3000 and 21100?
100
Calculate the greatest common divisor of 269 and 15861047.
269
Calculate the greatest common factor of 5145147 and 1323.
1323
Calculate the highest common divisor of 24353 and 28273.
49
Calculate the highest common divisor of 535698759 and 29.
29
Calculate the highest common divisor of 983246 and 1114894.
4114
Calculate the highest common factor of 781485 and 455535.
795
Calculate the greatest common divisor of 28550257 and 366.
61
Calculate the highest common factor of 10138 and 1269168.
274
Calculate the highest common factor of 168147 and 140672.
1099
Calculate the greatest common divisor of 76760375 and 91375.
5375
What is the highest common factor of 7865966 and 2488622?
8002
What is the greatest common divisor of 3046332 and 1096?
548
Calculate the highest common divisor of 21913697 and 458.
229
Calculate the greatest common divisor of 260950323 and 901.
901
What is the highest common factor of 32385633 and 114?
57
What is the greatest common factor of 451220 and 314930?
770
Calculate the greatest common divisor of 6043310 and 580.
290
Calculate the highest common divisor of 1743694 and 45006.
1154
Calculate the greatest common factor of 22543652 and 608.
76
What is the greatest common factor of 12133240 and 6090?
70
What is the greatest common divisor of 67831 and 4247624?
2339
What is the greatest common divisor of 398 and 23049573?
199
Calculate the highest common factor of 24598960 and 460.
460
Calculate the highest common divisor of 2